{"id":306,"date":"2021-11-20T09:10:33","date_gmt":"2021-11-20T07:10:33","guid":{"rendered":"https:\/\/test.ewis.sk\/?page_id=306"},"modified":"2021-12-12T21:07:32","modified_gmt":"2021-12-12T19:07:32","slug":"ewis-2","status":"publish","type":"page","link":"https:\/\/www.ewis.sk\/index.php\/ewis-2\/","title":{"rendered":"Ewis &#8211; podnikov\u00fd informa\u010dn\u00fd syst\u00e9m"},"content":{"rendered":"\n<ul class=\"wp-block-list\"><li><a href=\"#ewis-popis\">Popis<\/a><\/li><li><a href=\"#ewis-moznosti\">Mo\u017enosti<\/a><\/li><li><a href=\"#ewis-funkcie\">Funkcie<\/a><\/li><\/ul>\n\n\n\n<h4 class=\"wp-block-heading\" id=\"ewis-popis\">Popis<\/h4>\n\n\n\n<ul class=\"wp-block-list\"><li><strong>Univerz\u00e1lny podnikov\u00fd informa\u010dn\u00fd<\/strong> syst\u00e9m, ktor\u00fd pokr\u00fdva cel\u00fd proces od cenov\u00fdch pon\u00fak, objedn\u00e1vok, n\u00e1kupu, v\u00fdroby, skladov a\u017e po exped\u00edciu, reklam\u00e1cie a pod. . Umo\u017e\u0148uje komfortne riadi\u0165 cel\u00fd \u017eivotn\u00fd cyklus jednotliv\u00fdch projektov.<\/li><li>Zameran\u00fd \u0161peci\u00e1lne aj na v\u00fdrobu <strong>z\u00e1kazkov\u00e9ho sortimentu<\/strong>, ktor\u00fd m\u00f4\u017ee pozost\u00e1va\u0165 z ve\u013ek\u00e9ho mno\u017estva kusov\u00fdch a mal\u00fdch s\u00e9ri\u00ed <strong>parametrick\u00fdch <\/strong>resp. <strong>konfigurovate\u013en\u00fdch v\u00fdrobkov <\/strong>( VZT prvky, ventil\u00e1tory, klimatiz\u00e1cie, stroj\u00e1rske v\u00fdrobky, plastov\u00e9 v\u00fdrobky, ant\u00e9ny, n\u00e1bytok, &#8230; )<\/li><li>Podpora <strong>ve\u013ekostn\u00e9ho sortimentu<\/strong> vyu\u017eite\u013en\u00e9ho napr. v odevn\u00fdch a obuvn\u00edckych firm\u00e1ch<\/li><li><strong>Robustn\u00e9<\/strong> <strong>klient\/server rie\u0161enie <\/strong>pre organiza\u010dne aj geograficky \u010dlenit\u00e9 organiz\u00e1ciu podniku<\/li><li>S prepojen\u00edm na v\u00fdrobn\u00e9 zariadenia, <strong>CAD<\/strong>, <strong>CAM<\/strong>, <strong>\u010diarov\u00e9 k\u00f3dy<\/strong> a <strong>prenosn\u00e9 termin\u00e1ly<\/strong> v sklade aj pri odv\u00e1dzan\u00ed v\u00fdroby<\/li><li>Integr\u00e1cia s vlastn\u00fdmi <strong>grafick\u00fdmi rie\u0161eniami<\/strong> ( 2D\/3D )<\/li><li>S mo\u017enos\u0165ou pou\u017eitia ako <strong>backend-IS<\/strong> subsyst\u00e9m pri aplik\u00e1cii a integr\u00e1cii <strong>parametrick\u00e9ho syst\u00e9mu TPV<\/strong> do extern\u00e9ho IS<\/li><\/ul>\n\n\n\n<p class=\"has-text-align-right\"><a href=\"#top\">Hore<\/a><\/p>\n\n\n\n<h4 class=\"wp-block-heading\" id=\"ewis-moznosti\">Mo\u017enosti<\/h4>\n\n\n\n<ul class=\"wp-block-list\"><li>Plne konfigurovate\u013en\u00e9 <strong>\u010d\u00edslovanie dokumentov<\/strong> &#8211; prefixy, \u010d\u00edseln\u00e9 rady a podobne s\u00fa vytv\u00e1ran\u00e9 na z\u00e1klade vzorcov.<\/li><li><strong>Syst\u00e9m s\u00favisiacich dokumentov<\/strong> &#8211; v ka\u017edom formul\u00e1ri dokumentu je k dispoz\u00edcii zoznam v\u0161etk\u00fdch vygenerovan\u00fdch  s\u00favisiacich dokumentov, napr. k objedn\u00e1vke z\u00e1kazn\u00edka to m\u00f4\u017ee by\u0165 v\u00fdrobn\u00e1 z\u00e1kazka, rezerv\u00e1cie v\u00fdrobkov, polotovarov alebo tovaru na sklade, odvedenia z v\u00fdroby, dodac\u00ed list, fakt\u00fara a pod.<\/li><li><strong>Stavy dokumentov<\/strong> &#8211; dokumenty sa riadia pod\u013ea svojich stavov. Pri zmene stavov sa m\u00f4\u017eu vykon\u00e1va\u0165 \u0161pecificky konfigurovate\u013en\u00e9 automatick\u00e9 \u010dinnosti, kontroly, odosielanie notifik\u00e1ci\u00ed a pod. . <\/li><li><strong>Kni\u017enica komponentov<\/strong> &#8211; komponent reprezentuje jeden druh v\u00fdrobok\/tovaru, ktor\u00fd je plne konfigurovate\u013en\u00fd parametrami. Komponent  a z neho vygenerovan\u00e9 produkty obsahuj\u00fa <strong>parametre, vlastnosti, ceny, kusovn\u00edky ( BOM ) a r\u00f4zne pr\u00eddavn\u00e9 inform\u00e1cie<\/strong>. Zadan\u00edm parametrov automaticky vznikaj\u00fa pr\u00edslu\u0161n\u00e9 produkty, ktor\u00e9 maj\u00fa jedine\u010dn\u00fd k\u00f3d, obsahuj\u00fa ceny, kusovn\u00edk a pod. . Jednotliv\u00e9 produkty m\u00f4\u017eu v kusovn\u00edkoch obsahova\u0165  in\u00e9 produkty alebo polotovary ( submodely ) dynamicky vytvoren\u00e9 po\u010das generovania kusovn\u00edku. Vnoren\u00e1 hierarchia nie je obmedzen\u00e1. Pri vzniku produktov z komponentov je mo\u017en\u00e9 nadefinova\u0165 skripty, ktor\u00e9 sa utomaticky sp\u00fa\u0161\u0165aj\u00fa pred vytvoren\u00edm alebo po vytvoren\u00ed produktu.<\/li><li><strong>Dekod\u00e9r produktov<\/strong> &#8211; konfigurovate\u013en\u00fd dekod\u00e9r z\u00e1kazn\u00edckych \u0161pecifik\u00e1ci\u00ed umo\u017e\u0148uje automaticky importova\u0165 ( konvertova\u0165 do syst\u00e9mov\u00fdch n\u00e1zvov\/k\u00f3dov ) a naplni\u0165 dokumenty ( Cenov\u00e9 ponuky, Objedn\u00e1vky ) v syst\u00e9me<\/li><li><strong>Katal\u00f3g materi\u00e1lov, tovarov, v\u00fdrobkov a slu\u017eieb<\/strong>, ktor\u00fd m\u00f4\u017ee by\u0165 dynamicky organizovan\u00fd v stromovej hierachii pod\u013ea kateg\u00f3ri\u00ed. S\u00fa\u010dasne je  mo\u017en\u00e9 vytv\u00e1ra\u0165 aj in\u00e9 \u010dlenenie na skupiny mimo hlavnej stromovej hierarchie. Tieto skupiny umo\u017e\u0148uj\u00fa ve\u013emi flexibiln\u00e9 chovanie v r\u00e1mci v\u00fdrobn\u00e9ho procesu.<\/li><li>Materi\u00e1ly, tovary, v\u00fdrobky maj\u00fa <strong>jedine\u010dn\u00fd k\u00f3d<\/strong>. M\u00f4\u017eu obsahova\u0165 aj <strong>extern\u00e9 k\u00f3dy<\/strong> a pod. . Pri vzniku produktov automatick\u00fdm procesom  z komponentov, s\u00fa k\u00f3dy generovan\u00e9 na z\u00e1klade r\u00f4znych predpisov a vzorcov. Pou\u017eit\u00fd syst\u00e9m k\u00f3dovania umo\u017e\u0148uje <strong>hromadn\u00e9 prek\u00f3dovanie produktov<\/strong> bez vplyvu na integritu syst\u00e9mu.<\/li><li>Cenotvorba &#8211; v syst\u00e9me m\u00f4\u017eu by\u0165 nadefinovan\u00e9 r\u00f4zne <strong>cenn\u00edky, z\u013eavov\u00e9 sch\u00e9my pre jednotliv\u00fdch z\u00e1kazn\u00edkov<\/strong> a podobne. Pri automatickom vytvoren\u00ed produktu je mo\u017en\u00e9 pou\u017e\u00edva\u0165 <strong>r\u00f4zne modely pre v\u00fdpo\u010det n\u00e1kladovej aj predajnej ceny, cenov\u00e9 tabu\u013eky<\/strong>  a pod.<\/li><li><strong>Import<\/strong> a <strong>export<\/strong> dokumentov z a do r\u00f4znych form\u00e1tov &#8211; office dokumenty<\/li><li>Priame prepojenie na v\u00fdrobn\u00e9 technol\u00f3gie &#8211; <strong>CAM <\/strong>&#8211; Lantek, ProfileMaster, Autodesk  CAMduct aj  in\u00e9. <\/li><li>Prepojenie na <strong>BIM <\/strong>software &#8211; Autodesk Revit<\/li><\/ul>\n\n\n\n<p class=\"has-text-align-right\"> <a href=\"#top\">Hore<\/a> <\/p>\n\n\n\n<h3 class=\"wp-block-heading\" id=\"ewis-funkcie\">Funkcie<\/h3>\n\n\n\n<ul class=\"wp-block-list\"><li>Riadenie dod\u00e1vate\u013eov a z\u00e1kazn\u00edkov (S&amp;C RM)<\/li><li>Tvorba a riadenie katal\u00f3gu materi\u00e1lov a fin\u00e1lnych produktov<\/li><li>Kalkul\u00e1cia v\u00fdrobn\u00fdch n\u00e1kladov a anal\u00fdza ziskovosti produktov\/projektov<\/li><li>Tvorba a riadenie cenn\u00edkov<\/li><li>Mo\u017enosti \u0161peci\u00e1lnych zliav a odberate\u013esk\u00fdch cien<\/li><li>N\u00e1kup materi\u00e1lov a tovaru<\/li><li>Ponukov\u00e9 riadenie a spracovanie dod\u00e1vate\u013esk\u00fdch cien<\/li><li>Riadenie dod\u00e1vate\u013esk\u00fdch a odberate\u013esk\u00fdch objedn\u00e1vok<\/li><li>Riadenie skladov a MTZ (za pomoci \u010diarov\u00fdch k\u00f3dov)<\/li><li>Tvorba v\u00fdrobn\u00fdch z\u00e1kaziek ( spracovanie po\u017eiadaviek na v\u00fdrobu )<\/li><li>Tvorba v\u00fdrobn\u00fdch pl\u00e1nov<\/li><li>Sledovanie rozpracovanosti v\u00fdrobn\u00fdch z\u00e1kaziek<\/li><li>Sledovanie v\u00fdroby vlastn\u00fdch v\u00fdrobkov a polotovarov<\/li><li>Odv\u00e1dzanie hotov\u00fdch v\u00fdrobkov a polotovarov (vyu\u017e\u00edvan\u00edm dotykov\u00fdch obrazoviek)<\/li><li>Dodacie listy a exped\u00edcia tovaru a produktov (za pomoci \u010diarov\u00fdch k\u00f3dov)<\/li><li>Faktur\u00e1cia<\/li><li>CAD-spracovanie grafick\u00fdch podkladov projektu pre VZT potrubie do z\u00e1kazn\u00edckej objedn\u00e1vky<\/li><li>Priame prepojenie na v\u00fdrobn\u00e9 technol\u00f3gie ( CAM )<\/li><\/ul>\n\n\n\n<p class=\"has-text-align-right\"> <a href=\"#top\">Hore<\/a> <\/p>\n","protected":false},"excerpt":{"rendered":"<p>Popis Mo\u017enosti Funkcie Popis Univerz\u00e1lny podnikov\u00fd informa\u010dn\u00fd syst\u00e9m, ktor\u00fd pokr\u00fdva cel\u00fd proces od cenov\u00fdch pon\u00fak, objedn\u00e1vok, n\u00e1kupu, v\u00fdroby, skladov a\u017e po exped\u00edciu, reklam\u00e1cie a pod. . Umo\u017e\u0148uje komfortne riadi\u0165 cel\u00fd \u017eivotn\u00fd cyklus jednotliv\u00fdch projektov. Zameran\u00fd \u0161peci\u00e1lne aj na v\u00fdrobu z\u00e1kazkov\u00e9ho sortimentu, ktor\u00fd m\u00f4\u017ee pozost\u00e1va\u0165 z ve\u013ek\u00e9ho mno\u017estva kusov\u00fdch a mal\u00fdch s\u00e9ri\u00ed parametrick\u00fdch resp. konfigurovate\u013en\u00fdch v\u00fdrobkov [&hellip;]<\/p>\n","protected":false},"author":2,"featured_media":506,"parent":0,"menu_order":0,"comment_status":"closed","ping_status":"closed","template":"","meta":{"inline_featured_image":false,"site-sidebar-layout":"","site-content-layout":"","ast-site-content-layout":"","site-content-style":"default","site-sidebar-style":"default","ast-global-header-display":"","ast-banner-title-visibility":"","ast-main-header-display":"","ast-hfb-above-header-display":"","ast-hfb-below-header-display":"","ast-hfb-mobile-header-display":"","site-post-title":"","ast-breadcrumbs-content":"","ast-featured-img":"","footer-sml-layout":"","theme-transparent-header-meta":"enabled","adv-header-id-meta":"","stick-header-meta":"","header-above-stick-meta":"","header-main-stick-meta":"","header-below-stick-meta":"","astra-migrate-meta-layouts":"default","ast-page-background-enabled":"default","ast-page-background-meta":{"desktop":{"background-color":"var(--ast-global-color-4)","background-image":"","background-repeat":"repeat","background-position":"center center","background-size":"auto","background-attachment":"scroll","background-type":"","background-media":"","overlay-type":"","overlay-color":"","overlay-opacity":"","overlay-gradient":""},"tablet":{"background-color":"","background-image":"","background-repeat":"repeat","background-position":"center center","background-size":"auto","background-attachment":"scroll","background-type":"","background-media":"","overlay-type":"","overlay-color":"","overlay-opacity":"","overlay-gradient":""},"mobile":{"background-color":"","background-image":"","background-repeat":"repeat","background-position":"center center","background-size":"auto","background-attachment":"scroll","background-type":"","background-media":"","overlay-type":"","overlay-color":"","overlay-opacity":"","overlay-gradient":""}},"ast-content-background-meta":{"desktop":{"background-color":"var(--ast-global-color-5)","background-image":"","background-repeat":"repeat","background-position":"center center","background-size":"auto","background-attachment":"scroll","background-type":"","background-media":"","overlay-type":"","overlay-color":"","overlay-opacity":"","overlay-gradient":""},"tablet":{"background-color":"var(--ast-global-color-5)","background-image":"","background-repeat":"repeat","background-position":"center center","background-size":"auto","background-attachment":"scroll","background-type":"","background-media":"","overlay-type":"","overlay-color":"","overlay-opacity":"","overlay-gradient":""},"mobile":{"background-color":"var(--ast-global-color-5)","background-image":"","background-repeat":"repeat","background-position":"center center","background-size":"auto","background-attachment":"scroll","background-type":"","background-media":"","overlay-type":"","overlay-color":"","overlay-opacity":"","overlay-gradient":""}},"footnotes":""},"class_list":["post-306","page","type-page","status-publish","has-post-thumbnail","hentry"],"_links":{"self":[{"href":"https:\/\/www.ewis.sk\/index.php\/wp-json\/wp\/v2\/pages\/306","targetHints":{"allow":["GET"]}}],"collection":[{"href":"https:\/\/www.ewis.sk\/index.php\/wp-json\/wp\/v2\/pages"}],"about":[{"href":"https:\/\/www.ewis.sk\/index.php\/wp-json\/wp\/v2\/types\/page"}],"author":[{"embeddable":true,"href":"https:\/\/www.ewis.sk\/index.php\/wp-json\/wp\/v2\/users\/2"}],"replies":[{"embeddable":true,"href":"https:\/\/www.ewis.sk\/index.php\/wp-json\/wp\/v2\/comments?post=306"}],"version-history":[{"count":8,"href":"https:\/\/www.ewis.sk\/index.php\/wp-json\/wp\/v2\/pages\/306\/revisions"}],"predecessor-version":[{"id":386,"href":"https:\/\/www.ewis.sk\/index.php\/wp-json\/wp\/v2\/pages\/306\/revisions\/386"}],"wp:featuredmedia":[{"embeddable":true,"href":"https:\/\/www.ewis.sk\/index.php\/wp-json\/wp\/v2\/media\/506"}],"wp:attachment":[{"href":"https:\/\/www.ewis.sk\/index.php\/wp-json\/wp\/v2\/media?parent=306"}],"curies":[{"name":"wp","href":"https:\/\/api.w.org\/{rel}","templated":true}]}}